 prime factors of 874355274.
2, 3, 13, 379, 9859
What are the prime factors of 2109679368?
2, 3, 5881, 14947
List the prime factors of 135044736.
2, 3, 17, 137, 151
List the prime factors of 729634621.
43, 16968247
What are the prime factors of 18512236?
2, 163, 28393
List the prime factors of 128401543.
128401543
List the prime factors of 6910710.
2, 3, 5, 230357
What are the prime factors of 434354577?
3, 144784859
What are the prime factors of 210129423?
3, 7, 10006163
What are the prime factors of 228169910?
2, 5, 233, 97927
List the prime factors of 21361818.
2, 3, 461, 7723
List the prime factors of 1542845830.
2, 5, 149, 1035467
List the prime factors of 241914476.
2, 60478619
List the prime factors of 123617502.
2, 3, 23, 11059
What are the prime factors of 18629363?
43, 433241
List the prime factors of 3142242499.
11, 2111, 135319
List the prime factors of 696798627.
3, 7, 97, 342071
What are the prime factors of 123374067?
3, 41124689
List the prime factors of 2147385261.
3, 7, 479, 30497
What are the prime factors of 194225451?
3, 7, 1511, 6121
What are the prime factors of 156079021?
7, 211, 105673
What are the prime factors of 2106060741?
3, 47, 4978867
What are the prime factors of 1208131443?
3, 14915203
List the prime factors of 70775971.
7, 10110853
What are the prime factors of 29207441?
137, 213193
What are the prime factors of 283983194?
2, 11, 773, 16699
What are the prime factors of 82789987?
7, 1439, 8219
List the prime factors of 6700420.
2, 5, 335021
List the prime factors of 78054187.
31, 2517877
What are the prime factors of 2030838698?
2, 7, 47, 443, 6967
What are the prime factors of 281052683?
281052683
What are the prime factors of 8244941?
8244941
What are the prime factors of 22382158?
2, 953, 11743
What are the prime factors of 350645675?
5, 14025827
What are the prime factors of 56133321?
3, 18711107
What are the prime factors of 865348004?
2, 216337001
What are the prime factors of 288209095?
5, 37, 229, 6803
List the prime factors of 270750677.
419, 646183
List the prime factors of 719852108.
2, 79, 433, 5261
List the prime factors of 1013418405.
3, 5, 7506803
List the prime factors of 52293722.
2, 13, 53, 137, 277
List the prime factors of 174736832.
2, 29, 31, 3037
What are the prime factors of 2962995847?
7, 60469303
List the prime factors of 3022453567.
7, 419, 661, 1559
List the prime factors of 1885073006.
2, 67, 113, 124493
What are the prime factors of 68773306?
2, 7, 37, 103, 1289
List the prime factors of 328717733.
59, 5571487
List the prime factors of 87978802.
2, 191, 230311
What are the prime factors of 715060618?
2, 131, 2729239
List the prime factors of 459593598.
2, 3, 59, 179, 7253
List the prime factors of 694347549.
3, 7, 109, 303341
What are the prime factors of 85426248?
2, 3, 53, 239, 281
List the prime factors of 885637345.
5, 61, 619, 4691
List the prime factors of 2250401500.
2, 5, 941, 4783
List the prime factors of 244939924.
2, 53, 1155377
List the prime factors of 409230191.
23, 79, 225223
List the prime factors of 101026085.
5, 829, 24373
What are the prime factors of 101091069?
3, 109, 103049
List the prime factors of 2333887.
2333887
What are the prime factors of 467775695?
5, 93555139
What are the prime factors of 1678183392?
2, 3, 17481077
List the prime factors of 2283336128.
2, 1439, 24793
What are the prime factors of 91873515?
3, 5, 6124901
List the prime factors of 144885373.
17, 8522669
What are the prime factors of 198808240?
2, 5, 79, 83, 379
List the prime factors of 726414905.
5, 145282981
What are the prime factors of 9091023?
3, 599, 5059
What are the prime factors of 11115475?
5, 7, 19, 3343
List the prime factors of 29979340.
2, 5, 19, 78893
List the prime factors of 74741085.
3, 5, 83, 20011
List the prime factors of 682458734.
2, 341229367
What are the prime factors of 934016574?
2, 3, 5563, 27983
List the prime factors of 325598234.
2, 13, 47, 266447
What are the prime factors of 2728661801?
19, 719, 199741
What are the prime factors of 357488038?
2, 178744019
List the prime factors of 1091465787.
3, 363821929
What are the prime factors of 367407924?
2, 3, 13, 193, 12203
What are the prime factors of 3462978187?
23, 439, 342971
List the prime factors of 512634587.
397, 1291271
What are the prime factors of 6041432049?
3, 347, 5803489
What are the prime factors of 131477491?
131477491
What are the prime factors of 139608683?
1109, 125887
What are the prime factors of 162692158?
2, 137, 593767
List the prime factors of 230641266.
2, 3, 19, 53, 59, 647
List the prime factors of 19660840.
2, 5, 17, 29, 997
List the prime factors of 3944930912.
2, 13, 9483007
List the prime factors of 28661230.
2, 5, 13, 220471
What are the prime factors of 2592314992?
2, 162019687
What are the prime factors of 215693058?
2, 3, 7, 47, 109267
List the prime factors of 25696210.
2, 5, 31, 82891
What are the prime factors of 170611999?
23, 613, 12101
What are the prime factors of 1379308057?
2039, 676463
List the prime factors of 30786967.
59, 521813
List the prime factors of 35456454.
2, 3, 11, 101, 197
What are the prime factors of 681444063?
3, 19, 1328351
What are the prime factors of 44731457?
107, 418051
What are the prime factors of 119758853?
53, 2259601
List the prime factors of 988266167.
7, 97, 683, 2131
What are the prime factors of 404790580?
2, 5, 20239529
List the prime factors of 214532858.
2, 4051, 26479
What are the prime factors of 67571309?
13, 23, 67, 3373
What are the prime factors of 1921586473?
251, 7655723
List the prime factors of 4896932975.
5, 11, 601, 29629
List the prime factors of 68429576.
2, 37, 151, 1531
List the prime factors of 584563597.
1031, 566987
List the prime factors of 77927389.
77927389
What are the prime factors of 57566654?
2, 23, 59, 21211
List the prime factors of 88455.
3, 5, 5897
What are the prime factors of 2230704690?
2, 3, 5, 19, 719, 5443
List the prime factors of 313770729.
3, 104590243
What are the prime factors of 40739203?
40739203
List the prime factors of 1019803224.
2, 3, 11, 3862891
What are the prime factors of 360241472?
2, 37, 149, 1021
What are the prime factors of 2555724649?
23, 111118463
List the prime factors of 97586225.
5, 11, 233, 1523
List the prime factors of 103352294.
2, 23, 2246789
What are the prime factors of 2344237193?
2344237193
What are the prime factors of 742091391?
3, 82454599
What are the prime factors of 1281088038?
2, 3, 131, 241, 6763
What are the prime factors of 5111985174?
2, 3, 47, 18127607
List the prime factors of 76621679.
76621679
What are the prime factors of 5771093451?
3, 269, 2099, 3407
What are the prime factors of 18766188?
2, 3, 7, 103, 241
What are the prime factors of 72219001?
72219001
List the prime factors of 3284356665.
3, 5, 79, 2771609
List the prime factors of 1295831673.
3, 19, 127, 59669
List the prime factors of 613385531.
11, 19, 2934859
What are the prime factors of 148334245?
5, 23, 56081
List the prime factors of 3387339005.
5, 11447, 59183
What are the prime factors of 1971959812?
2, 17, 67, 419, 1033
What are the prime factors of 443492403?
3, 3217, 45953
What are the prime factors of 52703978?
2, 17, 1129, 1373
What are the prime factors of 1456354109?
7, 317, 656311
List the prime factors of 170823659.
29, 5890471
What are the prime factors of 489364651?
139, 449, 7841
What are the prime factors of 2959455534?
2, 3, 7, 103, 684109
List the prime factors of 49149696.
2, 3, 63997
What are the prime factors of 50035767?
3, 31, 538019
What are the prime factors of 149201842?
2, 199, 374879
List the prime factors of 544209984.
2, 3, 17, 149, 373
What are the prime factors of 5440849247?
5440849247
What are the prime factors of 584428854?
2, 3, 127, 766967
List the prime factors of 24194332.
2, 17, 355799
List the prime factors of 44775386.
2, 22387693
List the prime factors of 5670475610.
2, 5, 567047561
What are the prime factors of 765461154?
2, 3, 127576859
List the prime factors of 29506511.
41, 719671
List the prime factors of 705861057.
3, 11, 21389729
List the prime factors of 2375577860.
2, 5, 83, 1431071
List the prime factors of 1981371881.
1981371881
List the prime factors of 1052507432.
2, 19, 137, 50543
What are the prime factors of 90455026?